 m.
107
Let l(a) = -a**2 - 3*a + 4. Suppose -g - 4 + 1 = 0. List the prime factors of l(g).
2
Let x(l) = 2*l**2 + 6*l - 2. Suppose 4*n - 2*w = -16, -2*n - 5*w - 32 = -0. What are the prime factors of x(n)?
2, 17
Let v(g) = -g + 4. Let b be v(4). Suppose b*n = -n + 1. Let i = n + 5. What are the prime factors of i?
2, 3
Let z(q) = q**2 + q - 2. Suppose 6*l - 2*l = 16. Let y be -1 + l/(8/6). List the prime factors of z(y).
2
What are the prime factors of (163/(-4) - 6/(-8))*-3?
2, 3, 5
Let u(t) = t**3 + 8*t**2 + 6*t + 15. List the prime factors of u(-6).
3, 17
Let s = 16 - 15. What are the prime factors of s*(25 + -3 + 3)?
5
Let t = -2 + 2. What are the prime factors of (-1)/(t + 2/(-8))?
2
Suppose -o = 1 - 29. What are the prime factors of o?
2, 7
Let a(s) = -s**2 + 2*s. Let z(v) = v**3 + v. Let t(o) = a(o) - 3*z(o). What are the prime factors of t(-1)?
3
Let n be ((-3)/(-6) + -2)*-2. Suppose 3 + 39 = 2*k. Suppose -4*l = -n - k. What are the prime factors of l?
2, 3
Suppose -3*j + 37 = -5*a, a + 7 + 18 = 5*j. Suppose 0 = -3*b + 2*g + 28, j*g + 6 + 2 = 0. What are the prime factors of b?
2
Suppose 3*k + 5*x = -55, 0*x + 24 = -k + 4*x. Let p = 0 - k. What are the prime factors of p?
2, 5
Let h(q) be the first derivative of -q**2/2 + 10*q + 1. Suppose -6*w = -w. List the prime factors of h(w).
2, 5
Let z = 148 - 81. List the prime factors of z.
67
Let k(u) = -3*u - 12. Let y be k(-5). Suppose 66 = y*i - i. List the prime factors of i.
3, 11
Suppose 5*r - 4*v = 2 + 2, 5*r = -2*v - 2. Let b = -3 + r. List the prime factors of (b - (-3)/1) + 2.
2
Let t(z) = -3*z + 2. List the prime factors of t(-2).
2
Let k = 35 - 0. What are the prime factors of k?
5, 7
Let c(n) = n**3 + 7*n**2 + 4*n - 7. List the prime factors of c(-5).
23
Suppose 0 = 8*x - 13*x - j - 26, 40 = -4*x + 4*j. Let i be (-2)/7 - (-54)/(-7). Let z = x - i. List the prime factors of z.
2
Let r(a) = -a**2 + 6*a - 3. Let f be r(2). Suppose -6*g + g + q = -11, g - 3*q - f = 0. Suppose -x = -g*x + 6. What are the prime factors of x?
2, 3
List the prime factors of (-20)/(-6)*(-27)/(-18).
5
Let m(z) = -z**3 - z - 1. Let f be m(-1). Suppose -p + f = -8. What are the prime factors of p?
3
Let x = 47 + -28. Suppose -4*q = -5*q + x. List the prime factors of q.
19
Let q = 57 - -18. What are the prime factors of q?
3, 5
Let d(t) = -t**3 + 4*t**2 + 3*t - 4. Let i be d(3). Let p = i - 0. What are the prime factors of p?
2, 7
Suppose -u - u = -8, -y - 1 = -2*u. Suppose 3*m + 2*g = y + 28, 3*g = 5*m - 52. What are the prime factors of m?
11
Let b be (-4)/5*5*-2. Suppose 4*t + 60 = 9*t. Let v = t - b. What are the prime factors of v?
2
Let k = 28 + -23. Suppose -48 = -h - k*s, -4*s - 153 + 28 = -3*h. List the prime factors of h.
43
Let p(j) = -67*j - 4. Let z be p(3). Let r = -132 - z. Suppose -2*y + r = 3*t, 4*t - 3*y + 8*y = 102. What are the prime factors of t?
23
Let p(n) = 2*n + 3. Let g(t) = -t - 2. Let b(o) = -13*g(o) - 6*p(o). Let f be b(-5). Suppose 4*c - 2*k = f*k + 35, 5*k + 5 = c. List the prime factors of c.
2, 5
Suppose -5*y = 2*p - 6, 5*p - 4*y = -y + 46. Suppose -2*t - p = -4*t. List the prime factors of t.
2
Let w = -6 + 49. What are the prime factors of w?
43
List the prime factors of (0 + 19 - -2)/1.
3, 7
Let p be 1 - 39*(-1 - -2). Let h = -21 - p. Suppose 4*k - h = 51. What are the prime factors of k?
17
Let z = -43 - -108. List the prime factors of z.
5, 13
Suppose -2*x - 7 = -39. List the prime factors of x.
2
Let g = -28 - -54. List the prime factors of g.
2, 13
Suppose -50 = -5*w - 0*w. Suppose -3*c + w - 1 = 0. Suppose c - 31 = -2*i. List the prime factors of i.
2, 7
Let v(l) = l**3 + 6*l**2 + l + 8. Let h(j) = -j - 17. Let s be h(0). Let f = 11 + s. What are the prime factors of v(f)?
2
Let b be ((-6)/4)/((-1)/(-2)). Let i = b - -9. Suppose -3*d = o - i*o - 32, -24 = -4*d + 2*o. List the prime factors of d.
2
Let k(o) = 3*o**2 + 2*o + 12. Let d(y) = y**2 + y + 4. Let r(m) = -11*d(m) + 4*k(m). List the prime factors of r(6).
2, 11
What are the prime factors of (-5520)/(-84) + 2/7?
2, 3, 11
Let q = 20 - 2. What are the prime factors of q?
2, 3
Let y(q) = -q**2 + q + 3. Let u be y(-6). Let z = u - -76. List the prime factors of z.
37
Suppose -5*y + 6*y - 47 = 0. What are the prime factors of y?
47
Let i(d) = -7*d**3 - 2*d**2 + 2*d + 2. What are the prime factors of i(-2)?
2, 23
Let i = 2 + -2. Let q be 1*-1 - (i - 27). Suppose -21 = -l - 4*a, 0 = -2*l - a - 3*a + q. What are the prime factors of l?
5
Suppose -2*f - 9 = -3*t + f, 2*t - 14 = 4*f. Let c be -2 - (-1 + t*5). Suppose 4*k = 3*k + 3*r + 2, -c*k = -3*r - 26. What are the prime factors of k?
2
Suppose -s - 6 = 4*h, -3*s - 4*h - 2 = -0*s. What are the prime factors of s + (-3 - (-1 - 24))?
2, 3
Let d be (-4)/(-18) - (-58)/(-18). What are the prime factors of ((-2)/d)/((-10)/(-225))?
3, 5
Suppose 8*v - 3*b = 3*v + 8, -4*b = 3*v - 28. What are the prime factors of v?
2
Suppose 5*s = -2*m + m + 20, -3*m = 4*s - 16. Suppose 0*d - s*d = -36. List the prime factors of d.
3
Let i = 6 + -14. Let l = 21 + i. List the prime factors of l.
13
List the prime factors of 16*3/1 + (1 - -1).
2, 5
Let q be -1 + 0 - (4 - 28). Suppose -9 = -4*f + q. What are the prime factors of f?
2
Suppose -3*m = 2*d - 407 - 167, 0 = -4*m. What are the prime factors of d?
7, 41
Let t = 83 - 38. Let a = -30 + t. What are the prime factors of a?
3, 5
Let n(a) = 34*a**3 + 2*a**2 - 2*a + 1. Let c be n(1). Suppose -o = 4*o - c. List the prime factors of o.
7
Suppose -3*h + 15 = -0*h. Suppose a - 24 = x, x + 80 = h*a + 6*x. What are the prime factors of a?
2, 5
Let f = 561 - 313. List the prime factors of f.
2, 31
What are the prime factors of 138/(-92) + (-183)/(-2)?
2, 3, 5
Let l(v) = -36*v - 20. What are the prime factors of l(-7)?
2, 29
Let z = 31 + -19. Suppose 1 = x + 2*d, -5*d = z + 3. List the prime factors of x.
7
List the prime factors of (2/8)/(19/(-570))*-18.
3, 5
Let f = 72 - -33. What are the prime factors of f?
3, 5, 7
Suppose 0 = -j + 2 + 5. Let u = -4 + 4. Suppose -f + j = -u*f. What are the prime factors of f?
7
Let f = 21 - -17. Suppose -4*c + 2 + f = 0. What are the prime factors of c?
2, 5
Let t(r) = 7*r**2 - 5*r + 2. Let h be t(3). Suppose h = 2*n + 3*n. Let d = n - 7. List the prime factors of d.
3
Let n(t) = -7*t. Let f = -2 - 0. What are the prime factors of n(f)?
2, 7
Let b(h) = -h**2 + 6*h + 1. Let w be b(5). Let u(c) = c - 2. Let j be u(w). What are the prime factors of 2/(-4) - (-62)/j?
3, 5
Suppose 2*g = -4*c - 14, -3*g + 2*c = -8*g - 35. Let q be 288/(-27)*3/(-2). Let b = g + q. What are the prime factors of b?
3
Suppose -19*m = 68 - 7174. What are the prime factors of m?
2, 11, 17
Suppose -243 = -2*c + 5*b + 394, 0 = 2*c + 2*b - 658. List the prime factors of c.
2, 163
Let s be (-4 + 34/(-3))*-3. Suppose w = 4*g - 171, g = 2*w + s - 5. What are the prime factors of g?
43
Let r be (4/(-6))/((-2)/3). Let k(j) = j**2 - j. Let x be k(r). Suppose 0*h + 2*h = i - 2, 5*i - h - 19 = x. List the prime factors of i.
2
Let w = -27 - -52. List the prime factors of w.
5
What are the prime factors of (10/(-15) + 0)*(-195)/2?
5, 13
Let v(a) = a**2 - 14. List the prime factors of v(-10).
2, 43
Let h(s) = -s**2 + 5*s - 5. Let k be h(2). Let m = k - -14. What are the prime factors of m?
3, 5
Suppose x - 16 = 3*h, -x - 3*h + 59 - 13 = 0. Suppose -5*k + 2 = -3*u - x, 0 = 2*u - 8. List the prime factors of k.
3
Suppose g + 2 = -2*i, 2*g - 3 = i + 3. Let t be g/(-2)*(-1 + -11). Suppose -2*r + r - 74 = -5*n, -t = 3*r. List the prime factors of n.
2, 7
Suppose -3*a - 2*a = 20, 2*v + 8 = -2*a. Suppose -16 = 2*z - v*z - 4*i, -2*i = -8. Suppose -4*g + 12 = -z. List the prime factors of g.
3
Suppose 3*u - 400 = -u. What are the prime factors of u?
2, 5
Let i(z) = 1 + 2 - 3*z**2 + 0 + 3*z - z**3 - 1. Let m be i(-4). Suppose 0 = -3*g + 2*g + m. List the prime factors of g.
2, 3
Suppose 235 = 4*z + 43. Suppose 2*r - z = 2*t, -2*t + t = -5*r + 140. What are the prime factors of r?
29
Let a(k) = k**2 + 12. Let r(l) = l + 3. Let v be r(-3). What are the prime factors of a(v)?
2, 3
Let h(n) = -n**2 + 0*n**2 - 3*n**3 + 2*n**3 - 2. Let f be h(-2). Suppose t = -f*t + m + 61, 2*t = m + 40. List the prime factors of t.
3, 7
What are the prime factors of (16/(-56))/((-1)